hat is the remainder when w is divided by (-1 - -14) + l/7?
14
What is the remainder when ((-18)/(-5))/(4/60) is divided by 28?
26
Let h be (-100)/16 + 1/4. Let c(u) = -u**2 - 6*u + 4. Let x be c(h). Suppose x*a - g = 20 + 32, 4*g = -4*a + 72. What is the remainder when 25 is divided by a?
11
Let z = 127 - 116. Suppose 0 = -3*y + y + 106. What is the remainder when y is divided by z?
9
Calculate the remainder when (-20)/15*(-708)/8 is divided by 11.
8
Suppose 107 = 5*b + 22. Calculate the remainder when 48 is divided by b.
14
Let n(m) = -m**3 - 6*m**2 - 8*m - 3. Let z = 3 - 3. Let j = -5 - z. Calculate the remainder when 34 is divided by n(j).
10
Suppose 4*b = 5 + 27. What is the remainder when 47 is divided by b?
7
Suppose 0*r + 2*r - 14 = 0. Let f(p) = p**3 + 3*p**2 - 2*p. Let j be f(-4). Let o = j - -11. Calculate the remainder when r is divided by o.
1
Let c(a) = a**3 + 10*a**2 + 4. Let i be c(-10). Let b be 85/15 - i/6. Let p(v) = -v**3 + 6*v**2 - 4*v + 2. What is the remainder when 13 is divided by p(b)?
6
Let x be 0 + 0 + 48 + -1. Suppose -15 = 2*z - 83. Let q = x - z. What is the remainder when q is divided by 5?
3
Let i(t) = 3*t + 6*t + 6 - 3*t + t**2. What is the remainder when i(-9) is divided by 17?
16
Let s = -11 + 37. What is the remainder when s is divided by (8/(-6) - -1)*-27?
8
Let q = -20 + 44. Calculate the remainder when 119 is divided by q.
23
Suppose c + 0*c = -j + 26, c = 3*j + 14. What is the remainder when c is divided by 8?
7
Suppose 3*s - 5*i - 318 = 0, -7*i = 2*s - 3*i - 234. Calculate the remainder when s is divided by 19.
16
Let q(b) = -b**3 - 5*b**2 - 6*b - 6. Let i be q(-4). Suppose i*j = j - 3. Let n(h) = -h**3 - h**2 - 3. What is the remainder when n(j) is divided by 8?
7
Suppose -2*g = 62 - 190. Calculate the remainder when g is divided by 22.
20
Let q = 76 - 48. What is the remainder when q is divided by (-120)/16*(-4)/3?
8
Let x be -1 - 0 - (-2)/2. Let d be (-4)/(-1 + x) - -1. Suppose -d*k + 47 = 7. What is the remainder when k is divided by 3?
2
Suppose a - 5*h = 30, -2*a = -4*h - h - 60. What is the remainder when 89 is divided by a?
29
Suppose 0 = -3*y + 2*y + 4. Suppose 3*x + x - y*k - 8 = 0, -3*k - 10 = -4*x. Suppose -x*a + 1 = -f, -2 = a - 2*a. What is the remainder when 20 is divided by f?
6
Let y = 6 - -24. Let a = -16 + y. Let n(m) = -m**2 - 12*m - 9. Calculate the remainder when n(-6) is divided by a.
13
Suppose 4*h - 6*h + 43 = 5*k, -4*h + 5*k = -131. Calculate the remainder when 114 is divided by h.
27
Suppose 4*m - 4*k - 4 = 0, -m + 0*k + 2*k = 3. Let b = 1 + m. Calculate the remainder when 21 is divided by b.
3
Let b = 7 + 10. Let s = b + -12. What is the remainder when 13 is divided by s?
3
Let g(v) = -2*v - 9. Let t be g(-6). Let l be (-9)/(-4) - 1/4. Suppose -3*m = l*z - 3*z - 7, t*m = -2*z + 13. What is the remainder when 4 is divided by m?
1
Let x(r) = r - r**2 - 4*r**2 + 8 + 4*r**2. Let b(i) = i**2 - 16*i. Let n be b(16). Calculate the remainder when 14 is divided by x(n).
6
Let g = 18 - 37. Let v = -6 - g. What is the remainder when 49 is divided by v?
10
Let b(l) = 3*l**3 - 4*l + 5. Let w be b(2). Let m = -1 + 5. Suppose -z + w = -2*r, 5*z = m*z - r + 24. Calculate the remainder when z is divided by 8.
7
Let c(q) = -q + 5. Calculate the remainder when 11 is divided by c(2).
2
Suppose -3*d + 3 + 3 = 0. Suppose -d*z + 38 = -z. Suppose 0 = -2*x - 8 + 34. What is the remainder when z is divided by x?
12
Suppose f - 3*a = -2*a + 5, 5*f + 2*a = 25. Suppose 3*y - 4*d = 57, 3*y - 2*d = d + 60. Calculate the remainder when y is divided by 6*2 - (f + -5).
11
Let q = 1 + 19. Let l = q + -7. Suppose -22 - 2 = -n. Calculate the remainder when n is divided by l.
11
Suppose 12 = -3*a - 2*r + r, 3*a + 5*r + 24 = 0. What is the remainder when 8 is divided by 1*(0 + a/(-1))?
2
Let c = 303 - 191. What is the remainder when c is divided by 6?
4
Let a = -1 - -5. Suppose -2*l - i + 4 = 0, 15 = 3*l - i + a. What is the remainder when 8 is divided by l?
2
Let s be 7/2 - 4/(-8). Suppose -64 = -4*u - 6*x + s*x, 0 = -3*u + 4*x + 48. Calculate the remainder when (-6)/2*(-58)/6 is divided by u.
13
Let z(x) = x**3 - 8*x**2 - 9*x + 4. Calculate the remainder when 10 is divided by z(9).
2
Let q(n) = 14*n**2 + 5*n + 2. Let j be q(-3). Suppose -5*a + j = 23. What is the remainder when a is divided by (-12)/16 + 1 + (-39)/(-4)?
8
Let p(c) = c**3 + 5*c**2 - 6*c + 2. Let q be p(-6). Suppose -2*m = q*m - 68. What is the remainder when m is divided by 5?
2
Suppose 6*v - 2*t = v + 52, 0 = 5*t + 5. Calculate the remainder when 12 is divided by v.
2
Suppose i - 85 = -4*i. Let j be (-3 - -3)/(1*2). Let k = i + j. What is the remainder when k is divided by 9?
8
Suppose 5*y - 4 - 26 = 0. Let n(d) = 6*d**2 - 7*d**3 + d**3 - 1 + 5*d + 7*d**3. Calculate the remainder when n(-4) is divided by y.
5
Suppose -2*t + 5*t - u = 19, -5*u = -5*t + 35. Calculate the remainder when 15 is divided by t.
3
Suppose -63*r + 85 = -46*r. Let z(n) = n + 6. Let d be z(0). Suppose d*h - h = 85. What is the remainder when h is divided by r?
2
Let d(k) be the third derivative of -k**4/24 + 7*k**3/6 - 3*k**2. Calculate the remainder when 0 - (40 - -1)*-1 is divided by d(-7).
13
Let x(z) = -z**3 - 6*z**2 + 5*z + 7. What is the remainder when 83 is divided by x(-7)?
20
Suppose 277 = 5*q + 4*s, 0*q - 4*q = 5*s - 218. Suppose -2*i + 2*v + 34 = 0, -3*v = i - 2*v - 7. What is the remainder when q is divided by i?
9
Let i = 8 - -18. Let w(j) = j - 1. What is the remainder when i is divided by w(8)?
5
Let a(q) = q**2 - 4*q - 5. Let u(r) = -9*r - 11. Let f be u(-11). Let l be (-4)/14 - f/(-14). What is the remainder when a(l) is divided by 4?
3
What is the remainder when 153 is divided by ((-124)/(-6))/((-12)/(-18))?
29
Let a(x) = 4*x**2 - 1. Let n be -4*(-6)/(-8)*1. What is the remainder when a(n) is divided by (30/(-20))/(1/(-12))?
17
Suppose 4*h - 1 + 5 = 0. Calculate the remainder when 42 is divided by (-6 - -7)*(-9)/h.
6
Calculate the remainder when (-127)/(-5) + 18/30 is divided by 14.
12
Let f(q) = -q + 3. Suppose -y + 393 = 2*y. Suppose -y = -5*z + 14. What is the remainder when z is divided by f(-7)?
9
Let n be (-2)/((-3)/(27/(-2))). Let b = n - -13. Suppose b*x - 3*j = 19 + 49, 0 = x - 3*j - 26. What is the remainder when 25 is divided by x?
11
Suppose 8*t - 7 = -p + 3*t, 5*t = -5*p + 15. What is the remainder when 1 + 4 - (-7 + 10) is divided by p?
0
Suppose 46 = m + 3. Let j(i) = i**3 + 9*i**2 + 5*i - 13. Calculate the remainder when m is divided by j(-8).
10
Suppose 0 = -m - 2 + 10. Suppose -m*l = -3*l - 75. What is the remainder when 42 is divided by l?
12
Let x(q) = -q**3 + 8*q**2 - 2*q - 10. Suppose -1 + 3 = 2*g. Calculate the remainder when x(7) is divided by g*(4 + -2) - -7.
7
Suppose -4*w + d + 5 = -2, 4*d = 3*w - 15. Calculate the remainder when ((1 + 22)*1)/w is divided by 6.
5
Let g = 21 + -11. Suppose -4*b = 4*c - 20, -5*b + 7 + 2 = -3*c. Suppose -c*r + r - 2*j = -26, -12 = -3*j. What is the remainder when r is divided by g?
8
Let h(s) = -s**2 + 10*s + 1. Suppose 0 = 4*z - 50 - 34. Let w = -2 + z. Calculate the remainder when w is divided by h(9).
9
Let b(x) = x**2 - 6*x - 4. Calculate the remainder when 141 is divided by b(-4).
33
Let m = 105 + -11. What is the remainder when m is divided by 32?
30
Let l(i) = 13*i - 6. Let d(k) = -12*k + 5. Let g(o) = 4*d(o) + 3*l(o). What is the remainder when g(-4) is divided by 13?
12
Suppose -2*n - 107 = -5*h, 5*n = -2*h + 18 + 19. What is the remainder when 33 is divided by h?
12
Let d(z) = 4*z + 3. Suppose 4*s = -p - 0*p + 6, -3*p = 6. Suppose s*h + h = -l + 8, -5*h = l - 10. Calculate the remainder when d(l) is divided by 12.
11
Let x(c) = c + 5. Let i be x(-3). Suppose 6*z = i*z + 68. Suppose 4*b = z - 5. What is the remainder when 7 is divided by b?
1
Let h(i) be the first derivative of 11*i**3/3 + i**2/2 + 4. Calculate the remainder when 14*(-3)/(-2)*1 is divided by h(1).
9
Let n(l) = -l + 8. Let u = -5 - 4. What is the remainder when 48 is divided by n(u)?
14
Suppose 0*g + 12*g = 96. What is the remainder when 53 is divided by g?
5
Suppose -c - 2*o - 32 = -2*c, -15 = 5*o. What is the remainder when c is divided by 7?
5
Suppose 5*b = 395 - 40. Let o(z) = -25*z - 1. Calculate the remainder when